 - -5 - -842)?
839
Let x(i) = -i - 33. Let s be x(10). Let q = s + 47. List the prime factors of q.
2
Let g(h) = -h**3 + h + 6. Let r be (-2)/(24/20)*3. Let j(y) = y + 5. Let z be j(r). What are the prime factors of g(z)?
2, 3
Let i(z) = 2*z**2 + 6*z + 4. Let x be i(-4). Let m(s) = 15*s - 48. What are the prime factors of m(x)?
2, 3, 11
Let s = -18 - -20. Let z be 6/((s/5)/2). Let o = 32 - z. List the prime factors of o.
2
Suppose -6*g + 4*g + 6258 = 5*t, -5*t = -4*g - 6234. What are the prime factors of t?
2, 5
Let h = -62 - 34. List the prime factors of (h/(-14))/((-129)/(-42) + -3).
2, 3
Let i = -32 + 32. Suppose -p - 5*p + 300 = i. List the prime factors of p.
2, 5
Let u = -69 - -181. Let d = u + -59. List the prime factors of d.
53
Let a(n) = n**2 + 19*n - 7. Suppose -21 = 3*c + k + 3, 15 = -3*c - 4*k. Let y be a(c). Let b = -50 - y. List the prime factors of b.
47
Suppose 3*t = -6*t - 108. What are the prime factors of (-8)/t - (-70)/3?
2, 3
Let q(v) be the third derivative of -23*v**4/24 - 7*v**3/3 - v**2. Let s be q(-11). Suppose s - 39 = 5*y. List the prime factors of y.
2, 5
Let y = 113 + -69. List the prime factors of y.
2, 11
Let z = 109 + -71. What are the prime factors of z?
2, 19
Suppose 2*f + f + 7 = 4*p, 0 = 5*p + 5*f - 35. Suppose -p*d = d - 155. What are the prime factors of d?
31
Let v be 0 - -2 - -2 - 0. Let m(o) = 2*o**2 - 7*o + 4. What are the prime factors of m(v)?
2
Let c(k) = k**2 + 10*k + 21. Let u be c(-16). Suppose u = -0*o + 3*o. What are the prime factors of o?
3, 13
Suppose -23*y = -20*y - 960. Suppose 4*n - f - y = 0, 5*f = -5*n + 399 - 24. List the prime factors of n.
79
Let p(n) = 6*n**2 + 29*n - 56. What are the prime factors of p(16)?
2, 3
Suppose -14*m + 12 = -12*m. Suppose -1 = -g, 5*i + g - m*g - 375 = 0. List the prime factors of i.
2, 19
Let n(k) = -k**3 - 7*k**2 + 5. Let q be n(-7). Suppose 5*s + 577 = 4*h, q*s + 272 = 2*h - 29. Suppose -5*w + 2*w = -h. List the prime factors of w.
2, 23
Suppose 0 = 3*m - 4*p + 52, m + 2*p = -31 - 3. What are the prime factors of ((-753)/9)/(8/m)?
251
Let l = -1140 - -2535. What are the prime factors of l?
3, 5, 31
Suppose 4*p = p + 15, 4*p = o - 50. Suppose 23 = 3*l + 80. Let w = o + l. What are the prime factors of w?
3, 17
Let s = -177 + 257. Suppose -i = 3*i + s. Let v = i - -43. List the prime factors of v.
23
Suppose -w + 0 = 3, 4*z + w = 1417. List the prime factors of z.
5, 71
Let a = 1 - 21. Let p = -28 + -19. Let j = a - p. What are the prime factors of j?
3
Suppose 11*r - 15*r = 3*v - 11, -5*r - 5 = 0. Suppose -i + x - 108 = -2*i, -i + 96 = v*x. What are the prime factors of i?
3, 37
Suppose 8*l - 16 = 4*l. Suppose l*y = -y. Suppose y = -7*q + 2*q + 10. List the prime factors of q.
2
Let r be ((-11)/(-22))/(1/244). Let y = -38 + r. List the prime factors of y.
2, 3, 7
Let o = -55 - -60. Suppose -165 = -4*g - r, -5*g + 203 - o = 4*r. List the prime factors of g.
2, 3, 7
Suppose 3*a = -d + 344, -5*d + 102 + 136 = 2*a. List the prime factors of a.
2, 3, 19
Let b be ((-3)/2)/(-3)*-8. Let v be 1 - b*(-1)/4. Suppose v = c - 0*c - 14. What are the prime factors of c?
2, 7
Let q = 218 + 0. What are the prime factors of q?
2, 109
Let u be (2 - 5)*(-5 - 15/(-5)). Let k be 4/(-6)*(-6)/4. List the prime factors of (k - -32)*2/u.
11
Let h(b) = -2*b - 13. Let y be h(-13). Suppose y*n - 11*n = 220. List the prime factors of n.
2, 5, 11
Suppose -f = -5*y + 4*f + 25, -4 = -2*f. Suppose -4*o - h = -840, -2*h - 630 = -3*o - y*h. List the prime factors of o.
2, 3, 5, 7
Let b = -44 + 43. What are the prime factors of 2/(-3) - (332/(-3) + b)?
3, 37
Let s(d) = -3*d**3 + 62*d**2 - 56*d - 29. List the prime factors of s(17).
2, 7, 157
What are the prime factors of 426 - -7 - (-6 - 2)/2?
19, 23
Suppose 5*v = -5*r - 5, -3*r + 2*v + 9 = -3. Suppose -4*g + 12 = -g, r*g + 124 = 2*t. List the prime factors of t.
2, 3, 11
Let p be 0*(4 - ((-13)/(-3) + 0)). Suppose -d - q + 4 = 0, -3*q = -p*d - 4*d + 2. What are the prime factors of d?
2
Let z = -225 - -388. What are the prime factors of z?
163
Let m(c) = c + 4. Let k be m(0). Suppose -7 = -j - q - 2, 2*j - q = 1. Suppose 0*l + 30 = 2*l - 3*z, -34 = -j*l + k*z. List the prime factors of l.
3
Let r(g) be the third derivative of 13*g**5/30 + g**4/12 - g**3/3 - 18*g**2. List the prime factors of r(2).
2, 53
Suppose 4*j - 22257 = 7*j. What are the prime factors of j/(-33) - (-6)/33?
3, 5
Let v(k) = 8*k**3 - k**2 + 4*k - 3. Let i be v(3). Suppose i = -5*d + 2*m, 3*d + 27 = 2*d - 5*m. List the prime factors of (2 + d/(-9))*3.
2, 5
Let w(y) = y**3 - 14*y**2 + 13*y - 4. Let o be w(13). Let b be o/(-3)*18/4. Suppose -t - 4 = -b. What are the prime factors of t?
2
Suppose 3*v - 3 = -0*v. List the prime factors of (-4 - 161)/(-3) + v.
2, 7
Suppose 10*p = 9676 - 2186. What are the prime factors of p?
7, 107
Let v(n) = -n**3 - 5*n - 6. Let y be v(-4). Let p(c) = 2*c**2 + 61*c - 87. Let z be p(-31). Let i = y + z. List the prime factors of i.
2, 11
Let x(g) = 3*g**3 + 8*g**2 + 13*g - 27. Let u(h) = -2*h**3 - 9*h**2 - 12*h + 26. Let c(z) = -4*u(z) - 3*x(z). What are the prime factors of c(12)?
5, 17
Let r be ((-20)/16)/(4/(-320)). Suppose -12*w + r = -7*w. Suppose d = 7 + w. What are the prime factors of d?
3
Suppose -4*g + 9*g - 1908 = -l, -2*l - 4*g = -3822. List the prime factors of l.
1913
Suppose -1547 = -25*f + 253. List the prime factors of f.
2, 3
Let k(f) = -f**2 + 3*f - 6. Let o be k(6). Let z be o/10*(6 + -11). List the prime factors of 2/(-12) + 146/z.
2, 3
Let o(n) = n + 1. Let k(z) = -8*z - 6. Let p(s) = k(s) + 4*o(s). What are the prime factors of p(-10)?
2, 19
List the prime factors of -1*(-402*7)/6.
7, 67
Suppose -361 = -4*x + 13611. List the prime factors of x.
7, 499
Suppose -2*n + 2*w = 16, 12 = -4*n + 5*w - 23. Let a = 4 + n. Let t(q) = 26*q**2 - 1. List the prime factors of t(a).
5
Let u(b) be the third derivative of -3*b**4 + 5*b**3/6 + 9*b**2. List the prime factors of u(-1).
7, 11
Suppose -3*r + 5*h = 3*h - 1655, r + 3*h - 570 = 0. What are the prime factors of r?
3, 5, 37
Suppose 0 = 6*z - 3*z - 48. Let c be 2 + 3 + z + -1. Suppose -c = -w - 0*w. What are the prime factors of w?
2, 5
Suppose -5*r + 20 = 180. Let p be (-1 - 0)*(80 + 2). Let m = r - p. What are the prime factors of m?
2, 5
Suppose -103 = 2*f - 39. Let r = -7 - f. List the prime factors of r.
5
Let f(b) = -b**3 + 13*b**2 + b - 8. Let i be f(13). Let s(a) = 45*a + 17. List the prime factors of s(i).
2, 11
Suppose -5*y + 4*t + 4909 = 0, -y + 3923 = 3*y + t. List the prime factors of y.
3, 109
Let p(z) = -2*z**3 - z**2 - z + 1. Let m(l) = 0*l - 2 - l**2 - 8*l - l. Let b be m(-9). What are the prime factors of p(b)?
3, 5
Suppose a - 10 = -5. Suppose -4*s - a*s = -117. What are the prime factors of s?
13
Let o = 39 + -30. Let c = -1 + o. Let i(n) = 6*n - 7. List the prime factors of i(c).
41
Suppose 0 = 54*c - 61*c - 14. Suppose x + 4*x = 5. Let p = x - c. What are the prime factors of p?
3
Let h(r) = 39*r - 73. What are the prime factors of h(15)?
2
Suppose 4*j = 2*j - 2, 3*j - 193 = -4*t. List the prime factors of t.
7
Suppose -3*s - 91 = -p + 202, 0 = -4*p + 3*s + 1217. List the prime factors of p.
2, 7, 11
Suppose -2*w = q - 1837, 2*w + 4*q + 122 - 1974 = 0. List the prime factors of w.
2, 229
What are the prime factors of 1/(-4*(-3)/180)?
3, 5
Let a(v) be the first derivative of v**4/4 + v**3/3 - 3*v**2/2 + v + 11. What are the prime factors of a(3)?
2, 7
What are the prime factors of (368 + -54)*2*2/8?
157
Let c = 1450 - 1093. What are the prime factors of c?
3, 7, 17
Suppose 10 + 8 = 2*r. Suppose r = -3*j, 2*y - 5*j = -3*y + 285. Let o = y + 14. List the prime factors of o.
2, 17
Let k(g) = g - 5. Let n be k(22). Suppose t - 199 = -n. List the prime factors of t.
2, 7, 13
Let m be (-8 - 2)*8/5. Let x be m/(-12)*(8 - 2). What are the prime factors of (x + -3 + -1)*7?
2, 7
Let c = -1 + 6. Suppose -32 = k - c*k. Suppose -i = -b + 2 - 0, k = 4*i. What are the prime factors of b?
2
Let f = 1390 - 1338. List the prime factors of f.
2, 13
Let q = 28 + -7. Suppose 0 = n - 5*m + 7, -5*m = 2*n - 1 - 0. List the prime factors of 204/q + n/(-7).
2, 5
Let q(t) = -18*t + 5*t**2 - 3*t**2 + 2 + 27*t. What are the prime factors of q(-6)?
2, 5
Suppose -4*p + 566 = m - 3747, 0